+ 66*h - 11. Is u(13) prime?
False
Suppose 5*o - 6 = -1, 0 = -c - 5*o + 18676. Is c prime?
True
Let x(k) be the third derivative of k**5/10 + k**4/4 + 13*k**3/6 + 27*k**2. Is x(-5) prime?
False
Let t = 10402 - 3861. Is t a composite number?
True
Let b = -3773 + 16354. Is b composite?
True
Suppose -2*z + 10 = 0, 2*z - z - 3683 = -2*d. Is d a composite number?
True
Let u = 1419 - -784. Is u a prime number?
True
Suppose -5*c = 3*r - 5 - 45, -4*r + 55 = 5*c. Let m(k) = -49*k + 0 + c - 5. Is m(-3) a composite number?
False
Let i be (-86)/(-8) - (-1)/4. Suppose 0 = -i*t + 6*t + 10. Is (-2400)/(-6) + (-6)/t composite?
False
Let t = 34 - 17. Let v = -13 + t. Suppose -638 = -v*p - 2*y, -5*y = -p + 102 + 74. Is p a composite number?
True
Let u = -63592 + 92963. Is u a prime number?
False
Let m = 37 - 180. Let p = m - -396. Is p prime?
False
Let b(l) be the second derivative of 2*l**3/3 - 5*l**2 - 7*l. Let g be b(11). Suppose -5 = -c, 4*t + g = -5*c + 423. Is t composite?
True
Is (-1)/(3*(-6)/365814) prime?
True
Let x be (2127/6)/(1/2). Let n = x + -500. Is n a composite number?
True
Let u(b) = -87*b**3 - b**2 - 2*b - 2. Let v be u(-1). Suppose 4*j - 289 = -f, -6*f + v = j - 3*f. Is j a composite number?
False
Let t(d) = -501*d - 1. Let z(p) = -501*p - 2. Let l(q) = -2*t(q) + 3*z(q). Is l(-3) composite?
False
Suppose 4*m + 6*m - 40 = 0. Suppose -4*k = -g - 15, g = -m*k - 0*g + 9. Is k a prime number?
True
Let u = 143969 + -68002. Is u composite?
False
Suppose 3*w - 774 = 4*h, -5*h - 952 = 3*w + w. Let y(c) = -35*c + 3. Let q be y(8). Let b = h - q. Is b a prime number?
False
Let u = -3 - -3. Let c(t) = -t**3 + t**2 - t - 3. Let m be c(0). Is (u - m - 2) + 52 a composite number?
False
Suppose -4*c + p - 12122 = -36879, 30948 = 5*c - 3*p. Is c a composite number?
True
Suppose -46*h + 1817105 = 7*h. Is h a composite number?
True
Let g(b) = b**2 - 10*b + 7. Let j be g(8). Suppose 5*p + 4*m + 81 = 0, 0*p - m = 4*p + 56. Is p/(-2)*(-36)/j a composite number?
True
Suppose 3*l + 0*y + 4*y = -160, -118 = 2*l - 3*y. Let i = l + 102. Let x = i - 25. Is x prime?
False
Let i = 1619 - 900. Suppose -1701 = 4*u - v, 0*u - 2*v - 1262 = 3*u. Let g = u + i. Is g composite?
True
Let a = -14795 + 35034. Is a composite?
True
Suppose 0 = -9*f + 10*f - 8. Let r be (-10)/f - (-4)/16. Is (2/6)/(r/(-1461)) prime?
True
Suppose h + 5*l = -31, -5*l + 2*l = -2*h - 62. Let w = h + 61. Suppose -t - 4*t + w = 0. Is t a prime number?
False
Let b = -7 - -9. Suppose 2 = -4*y - 3*h + 3, -5*h - 33 = -b*y. Suppose -y*x + 105 = -131. Is x a composite number?
False
Let r(t) = -134*t + 25. Is r(-14) prime?
True
Suppose -3*z + 10859 = 2*u, 0*z = 3*u + 9*z - 16266. Is u prime?
True
Let h = 10 + -9. Let j = h + -7. Is (35/15)/((-2)/j) composite?
False
Suppose 6*u - u + 3335 = 0. Let p = u - -1660. Is p composite?
True
Suppose 288*t - 311*t + 19987 = 0. Is t a composite number?
True
Suppose -2*j + 54846 = -2*d, -4*d - 82265 = -3*j - 0*d. Is j composite?
False
Suppose 11*v + 32217 = 135760. Is v a composite number?
False
Suppose 10179 + 2787 = 6*w. Is w prime?
True
Suppose 0 = -v - 4*c + 7625, 28*c - 15222 = -2*v + 27*c. Is v a prime number?
False
Suppose 0 = 5*v - 8 - 2, 5*v - 1590 = -4*k. Is k a composite number?
True
Is ((-48578)/(-3))/(880/(-48) + 19) prime?
False
Let x = 194 + -342. Suppose -2394 + 337 = -17*k. Let m = k - x. Is m composite?
False
Suppose 0 = -4*r + 51319 + 5205. Is r composite?
True
Let d(s) = -3*s**2 - 3*s + 4. Let b be d(-2). Is (-2)/(4/1564*b) prime?
False
Suppose 0 = -3*s + 6*u - 2*u + 635, u = -5*s + 1043. Let b(a) = 9*a + 14. Let t be b(-12). Let r = s + t. Is r composite?
True
Suppose s + 5661 = q, -9381 = -3*q + s + 7606. Is q a composite number?
True
Suppose 0 = -48*r + 37*r + 215435. Is r a composite number?
True
Let z(w) = 2*w + 2*w**2 + 22*w**3 - 3*w - 4 + 8*w - 2*w. Let m(k) = -k**3 - 4*k**2 - k - 1. Let b be m(-4). Is z(b) a prime number?
False
Suppose k = -7 + 3. Let w(i) = -i**2 - i. Let f be w(k). Let r(g) = -g**2 - 23*g + 25. Is r(f) a prime number?
True
Let i(f) = 42*f + 26. Let h be i(5). Let w = 435 - h. Is w a composite number?
False
Let z(t) = -t**3 + 5*t**2 - 3*t - 5. Let j be z(3). Suppose j*n - n = 186. Is n a composite number?
True
Is -2*1/(-7) - 1819914/(-742) a prime number?
False
Let q be (-1)/((2 + -1)*-1). Let n be 0 - -2 - (-3 + q). Suppose -124 - 216 = -n*m. Is m a prime number?
False
Suppose -4 = -3*i + i. Let l(s) be the third derivative of 2*s**5/15 + s**4/12 + s**3/6 - 3*s**2. Is l(i) composite?
False
Let f = 59 - 32. Suppose 0 = 2*g + 2*k - 255 - f, -2*k + 425 = 3*g. Is g prime?
False
Let q(k) = 4*k. Let z be q(3). Let i = 14 - z. Is 1/i*(107 - 1) composite?
False
Let z = -58 - -85. Suppose 12 = 3*c + z. Is (76 - c) + -1 + -3 a prime number?
False
Let x(p) = 16*p**3 + p**2 - 3*p + 1. Let h(d) = 1 + 0*d - 3 + d. Let j be h(4). Is x(j) composite?
False
Suppose d - 4 = 2*d - i, -i = -2*d - 9. Let z(f) = 26*f**2 + 2*f + 1. Is z(d) prime?
True
Let k be (18 + -9)*(-1 + 2). Suppose -6*s + 3*s + k = 3*t, -3*s + 5*t + 25 = 0. Is (25/s)/(2/82) a composite number?
True
Suppose 2*o + 5*z = 7*o + 10, -5*o - 10 = z. Let r(s) be the third derivative of -5*s**6/12 - s**5/60 - s**4/12 + s**3/6 - s**2. Is r(o) prime?
True
Let g(p) be the second derivative of p**4/3 + p**3/6 + 5*p**2/2 + 228*p. Let r be 2/(-2) + 8 + -1. Is g(r) a prime number?
False
Let n be (-6)/4*12/1. Is 472/6 + (-6)/n composite?
False
Is 0/5 + 42204/12 a composite number?
False
Suppose 4*f - b - 15 = 0, 2*f = 3*b + b - 10. Suppose 0 = g + 5*m - 189 + 40, -f*g - 2*m + 676 = 0. Is g prime?
False
Let x(d) = -4138*d - 7. Is x(-2) a prime number?
True
Let g be (-6)/15 + 176/40. Suppose 5*v + 498 = g*i, -v - 385 = -3*i - 3*v. Is i prime?
True
Let x(h) = h**2 + h + 1. Let l(r) = 168*r**2 - 13*r - 15. Let v(f) = l(f) + 6*x(f). Is v(-2) prime?
True
Let j(o) = -13916*o + 341. Is j(-6) a prime number?
False
Let r be (6/4)/((-21)/(-56)). Suppose r*s + 60 = 7*s - 3*j, -20 = -4*j. Let b = -10 + s. Is b composite?
True
Suppose 0 = 10*v - 8*v. Suppose 6*g + 1009 = 2*y + g, v = -5*g - 15. Is y composite?
True
Let j(z) = -z**2 - 10*z - 9. Let r be j(-9). Suppose r = d + 3*d. Suppose -4*m + 113 + 11 = d. Is m a prime number?
True
Let s be (1 - 4)/((-2)/1618). Let h = s - 1380. Is h composite?
True
Is (4 - 1) + 6/(-2) + 14143 a prime number?
True
Suppose 21*b - 19*b - 49562 = 0. Is b a composite number?
False
Let d(t) = 237*t**3 - 6*t**2 + 3*t + 8. Is d(3) a prime number?
False
Let t be ((-824)/12)/(6/(-63)). Suppose -2*b + 2*z = 7*z - t, 2*b = 5*z + 771. Is b a prime number?
True
Let b be 12*((-14)/(-4))/7. Suppose -3*p + b = -0*p. Suppose 5*h - 876 = 3*q, -p*h - 6*q + 2*q + 366 = 0. Is h prime?
False
Suppose -10*p = p - 4*p. Suppose p = -2*v + 328 + 426. Is v a prime number?
False
Let d(o) = 5*o**3 - 6*o**2 - 5*o - 25. Let c(z) = z**2 - 18*z + 40. Let u be c(16). Is d(u) a prime number?
True
Let n be 18/8 - 2/8. Let z be (-15 + 9)*n/(-3). Suppose b = -3, -5*w + z*b + 207 = 70. Is w a prime number?
False
Let i(j) = j - 1. Let s be i(4). Suppose -a = 0, -89 - 1417 = -s*k - a. Is k prime?
False
Let c be (45/2)/(3/(-6)). Let m(a) = -42*a**2 - 9*a + 14. Let t be m(2). Let x = c - t. Is x composite?
False
Let w be (-1)/(8/234)*(4 + -8). Suppose w = 6*i - 465. Is i a prime number?
True
Suppose 4*p + p = -1045. Is -7 + 3 + (-2 - p) a prime number?
False
Suppose -j - 1 + 5 = 2*k, 0 = -5*j + 4*k - 36. Let i be (j + 5)*(-1 - -1). Suppose -4*r - 2*b = -222, i*b + 250 = 5*r - 3*b. Is r a composite number?
False
Is (-3 - -1)*789/(-6) prime?
True
Is (-186)/62*10222/(-6) a composite number?
True
Suppose -8*w = -7*w + 693. Let d = 104 - w. Is d a prime number?
True
Suppose 2812 = 2*g + 3*t - 5994, 2*g = 3*t + 8782. Is g composite?
False
Let d(v) = -111*v**3 + v**2 + 5*v - 1. Let q(k) = -111*k**3 + 2*k**2 + 6*k - 1. Let x(c) = -3*d(c) + 2*q(c). Is x(2) a composite number?
False
Let u = -31 - -24. Suppose -51 + 211 = -4*y. Let q = u - y. Is q a prime number?
False
Let x = -3463 + 42830. Is x a composite number?
False
Let b be ((-12)/18)/((-1)/3). Suppose -b = -v - 5. Is 2/v + 140/12 a composite number?
False
Let w be (-9)/6*(-20)/6. Let u be 0 + (w - 0)/1. Let r(q) = 3*q**2 + 3*q - 3. Is r(u) a prime number?
False
Let z